te the remainder when n is divided by (s/2)/(0 + -1).
3
Let s(u) = 29*u**2 + 3*u + 2. Suppose 3*a + 6 = -3*g, 0 = -2*g + 3*g - 5*a - 4. Calculate the remainder when s(g) is divided by 8.
4
Let x(v) = 31*v**2 + v + 1. Let g(r) = r**3 + r. Let j be g(3). Suppose 5*k - j = 10. Calculate the remainder when x(-1) is divided by k.
7
Suppose -5*o = -42 - 358. What is the remainder when 250 is divided by o?
10
Let s(b) = 51*b**3 - b**2 + 2*b - 1. Calculate the remainder when 232 is divided by s(1).
28
Calculate the remainder when 146 is divided by (336/154)/(-12) - 3062/(-22).
7
Let n be (11/((-66)/(-4)))/((-1)/48). Let l(i) = -9*i - 4. Let d be l(5). Let s = n - d. Calculate the remainder when 67 is divided by s.
16
Suppose -p + 2*k - 8 = 0, -1 = -5*p - k + 14. Suppose -4*q + p*q = -104. Calculate the remainder when q is divided by 18.
16
Let d be (-2 - (-42)/18)*6. Suppose d*l + 8 = 12. Calculate the remainder when 2 is divided by l.
0
Let h(y) = 2*y**2 - 5*y - 7. Suppose 0 = -12*b + 10*b - 10. Calculate the remainder when h(b) is divided by ((-84)/9)/(6/(-9)).
12
Suppose 0 = -5*o + 5 + 10. Suppose o*s - 8 - 22 = 0. What is the remainder when 37 is divided by s?
7
Let i(u) = -u**2 + 8*u - 3. Let x be i(5). Suppose -x = -4*f - 0*f. What is the remainder when (-52)/(-39) - (-130)/15 is divided by f?
1
Let d(i) = -23*i + 11. Let x be d(4). Let j = x - -112. What is the remainder when 152 is divided by j?
28
Let j be ((-3)/4)/(4/(-128)). Calculate the remainder when (-1)/3 + 3728/j - 0 is divided by 52.
51
Let x be 2/3*60/8. Suppose -3*o - x*k + 0 = -119, 4*o + k - 136 = 0. Let h = o - 19. What is the remainder when 26 is divided by h?
12
Let i(a) = -a**3 + 6*a**2 + 6*a - 1. Suppose -286*p = -290*p - 5*r + 273, -2*r - 65 = -p. Calculate the remainder when p is divided by i(6).
32
Let g = 18 - 18. Suppose g*u - h + 41 = -2*u, -3*u - 4*h - 34 = 0. Let l = -17 - u. Calculate the remainder when 1 is divided by l.
0
Let s = 450 - 220. Calculate the remainder when s is divided by 50.
30
Let t(y) = 3*y**2 + 3*y - 1. Suppose 405 - 108 = -13*l + 46*l. What is the remainder when t(-4) is divided by l?
8
Suppose 1110 - 6 = 16*a. What is the remainder when 185 is divided by a?
47
Suppose 0*j = 4*j - 132. Suppose -108 = -22*q - 24*q + 214. What is the remainder when j is divided by q?
5
Let x = -55 - -76. Suppose 0 = -v - 3*h + h + 8, h + 32 = 4*v. Let m = v + 3. What is the remainder when x is divided by m?
10
Suppose x = 2*i - 109, -4 - 1 = 5*x. Calculate the remainder when i is divided by 27 - (120/(-5))/(-3).
16
Suppose 2*l - 6*t + 5*t = 34, 0 = 3*l - 4*t - 61. Calculate the remainder when l is divided by 4.
3
Let m(c) = -8*c**2 + 67*c - 64. What is the remainder when 16 is divided by m(7)?
3
Suppose 2*v = 23*v - 1575. What is the remainder when v is divided by 38?
37
Suppose 5*k - 1213 = -o - 121, k - 2*o = 225. What is the remainder when k is divided by 44?
43
Let k = -1274 + 1319. What is the remainder when k is divided by 13?
6
Let m = -69 - 185. Let x = -89 - m. What is the remainder when x is divided by 12?
9
Suppose -110 = 101*i - 123*i. Let n be (2 - 5)/(0 + -1). Suppose 36 - 9 = n*m. What is the remainder when m is divided by i?
4
Let x be ((-15)/(-6))/(2/4). Let w(g) = -g**3 + 8*g**2 - 3*g + 5. Let i(m) = -2*m**2 - 18*m - 6. Calculate the remainder when w(x) is divided by i(-7).
21
Let q(d) = -d**3 + 8*d**2 - 6*d + 3. Suppose 5*p - p - 48 = 0. Suppose 4*b = 2*f + 46, 2*f - 6*f - p = 0. What is the remainder when q(6) is divided by b?
9
Let o be 2*((-18)/(-4) + -3). Suppose -234 = -m - 4*m - o*p, 4*m = -4*p + 192. What is the remainder when 47 is divided by (70/(-21))/((-6)/m)?
22
Suppose 13*t - 16*t = -357. Suppose 0 = -12*z + 5*z + t. Suppose 0 = 5*b - b + 4*h - 60, 3*b - 40 = -2*h. Calculate the remainder when z is divided by b.
7
Suppose -4 - 16 = -2*p. Suppose 0 = -m + 5*v + 24, -4*v - 38 = 4*m - 110. What is the remainder when m is divided by p?
9
Let t = 222 - 187. Calculate the remainder when 278 is divided by t.
33
Let b = 181 - -402. Calculate the remainder when b is divided by 99.
88
Let i(z) = 2*z**2 - 4*z. Let g be i(3). Suppose o = -4*r - o + 32, -5*r + o + 54 = 0. Calculate the remainder when r is divided by (-2)/8*-4*g.
4
Let h(l) = -22*l + 6. Let z be h(1). Calculate the remainder when 23 is divided by z/(-2) + 1 + -4.
3
Let x = -42 - -64. Let v be (1 + 0)*(1 - -2). Calculate the remainder when x is divided by (-4)/v*(-36)/6.
6
Let o = -19 + 21. Let b = 31 - o. Calculate the remainder when 85 is divided by b.
27
Suppose -214 + 688 = -3*n. Suppose -2*l - 474 = 4*k, k - 937 = 4*l - 2*k. Let y = n - l. Calculate the remainder when y is divided by 26.
25
Let f(w) = -2*w**2 - 10*w - 1. Let k be f(-5). Calculate the remainder when 118 is divided by (-471)/(-15) + k + 2/(-5).
28
Let r(k) = -14*k + 1. Let m be r(-6). Suppose -6*a + m = -11. What is the remainder when a is divided by 2?
0
What is the remainder when 11 is divided by ((-42)/9)/(6/(-9))?
4
Let x(l) = l**3 + 5*l**2 - 15*l - 18. What is the remainder when 442 is divided by x(-5)?
43
Let p(h) = 8 + 2*h - 2 - h**2 + 5*h. Let v = 75 - 40. What is the remainder when v is divided by p(6)?
11
Let o be (-158)/13 + 12/78. Let c = o - -28. What is the remainder when c is divided by 7 - ((-14)/42)/(2/(-24))?
1
Let b be (-18)/(-99) + 126/33. Suppose -2*x = 3*a - 41, -x = -0*x - b*a - 4. Calculate the remainder when x is divided by (-20)/6*3/(-2).
1
Let q be -2 + -1 + 6/(0 + 1). Suppose -4*j = -q*j - 29. Calculate the remainder when 55 is divided by j.
26
What is the remainder when 0 - -2 - -1*2 is divided by (-7 - (-40)/4)/1?
1
Let l(v) = 75*v**3 + v**2 + 2*v - 2. Suppose -y = 2*b + 2*y - 19, 1 = -y. Calculate the remainder when l(1) is divided by b.
10
Suppose 4*b = -3*i + 6, 7*b + 5*i = 11*b - 22. Let c be 3/6 - (-7)/2. Suppose 0*u - 36 = -c*u. What is the remainder when u is divided by b?
0
Let o be (-9)/(-2) - 1/(-2). Suppose 3*y + 1 = o*s - 3*s, -y - 7 = -2*s. Suppose -y*u = 4 - 31. Calculate the remainder when u is divided by 2.
1
Let w = 670 - 615. What is the remainder when 106 is divided by w?
51
Let q = 37 - 34. Calculate the remainder when q/4*18*1*12 is divided by 33.
30
Suppose -4*r + 11 = 7*r. Let c = 78 + r. What is the remainder when c is divided by 20?
19
Suppose -u - 2*b + 29 = 0, -4*u + 5*b + 83 = -46. What is the remainder when 51 is divided by u?
20
Let z(q) = -q**3 + 36*q**2 - 34*q - 6. Calculate the remainder when 89 is divided by z(35).
2
Let n = -177 + 249. Suppose -y - o + 28 = 0, -4*y + 3*o + n = -o. Let g = y + -12. Calculate the remainder when g is divided by 4.
3
Suppose n + 78 = -n. Let f(c) = c**2 - 3*c + 5. Calculate the remainder when f(-4) is divided by 2/(-13) + (-708)/n.
15
Let j(u) = -152*u - 92. What is the remainder when 112 is divided by j(-1)?
52
Suppose -54 = -2*w - w. Suppose -2*o = -120 + w. Let p = -15 - -28. Calculate the remainder when o is divided by p.
12
Let j = -19 - -12. What is the remainder when (j/(7/(-12)))/2 is divided by 3?
0
Let s be ((-16)/(-4)*1)/(-3 + 5). Suppose 3*v = -3*g + 143 + 40, -v = s*g - 123. Calculate the remainder when g is divided by 24.
14
Suppose 0 = -38*k + 869 + 347. Suppose -2*s = s - 15. Suppose b = 2*o + s, 2*b = -3*o - 2*o + 37. What is the remainder when k is divided by b?
10
Suppose 3*x + 6 = 12. Suppose 5*l - 663 = -t, -2*l = x*l + 2*t - 534. What is the remainder when l is divided by 15?
12
What is the remainder when 2*(-1)/(-4)*(-4 - -250) is divided by 21?
18
Let t = 33 + 17. Suppose -34 = -y - 8. Calculate the remainder when t is divided by y.
24
What is the remainder when 75 is divided by (11/(-22))/((-1)/(-10)) + 18?
10
Let u = -23 + 45. Let q(c) = -3*c + 17. Let l be q(-6). Let j = -29 + l. Calculate the remainder when u is divided by j.
4
Let p be 3*1*28/21. Suppose 5*c = p*w - 1361 + 401, -3*c = w + 593. Let l = -88 - c. What is the remainder when l is divided by 37?
34
Let g = -9 - 12. Let z = 25 + g. Suppose 4*r = z*v + 160, 4*r - 3*r - 4*v - 34 = 0. Calculate the remainder when r is divided by 11.
9
Suppose 5*m - 46 = -4*f, -2*m + 3*f + 4 = f. Suppose 3*t - s - 49 = 0, -t - 2*s + 23 = -4*s. What is the remainder when t is divided by m?
3
Let d(b) = 2*b**2 - 8*b - 28. Let k(w) = -w**2 + 11*w - 